{"id":1113,"date":"2023-01-13T09:46:30","date_gmt":"2023-01-13T14:46:30","guid":{"rendered":"https:\/\/www.artconsulting.com.ec\/web\/?page_id=1113"},"modified":"2023-03-30T21:31:18","modified_gmt":"2023-03-31T02:31:18","slug":"consultoria-y-asesoria-financiera","status":"publish","type":"page","link":"https:\/\/www.artconsulting.com.ec\/web\/index.php\/consultoria-y-asesoria-financiera\/","title":{"rendered":"Consultor\u00eda y asesor\u00eda financiera"},"content":{"rendered":"\t\t<div data-elementor-type=\"wp-page\" data-elementor-id=\"1113\" class=\"elementor elementor-1113\">\n\t\t\t\t\t\t<section class=\"elementor-section elementor-top-section elementor-element elementor-element-e96916e elementor-section-boxed elementor-section-height-default elementor-section-height-default\" data-id=\"e96916e\" data-element_type=\"section\">\n\t\t\t\t\t\t<div class=\"elementor-container elementor-column-gap-default\">\n\t\t\t\t\t<div class=\"elementor-column elementor-col-50 elementor-top-column elementor-element elementor-element-09a0427\" data-id=\"09a0427\" data-element_type=\"column\">\n\t\t\t<div class=\"elementor-widget-wrap elementor-element-populated\">\n\t\t\t\t\t\t<div class=\"elementor-element elementor-element-2aebdf4 elementor-widget elementor-widget-heading\" data-id=\"2aebdf4\" data-element_type=\"widget\" data-widget_type=\"heading.default\">\n\t\t\t\t<div class=\"elementor-widget-container\">\n\t\t\t<h3 class=\"elementor-heading-title elementor-size-default\">Consultor\u00eda y asesor\u00eda financiera<\/h3>\t\t<\/div>\n\t\t\t\t<\/div>\n\t\t\t\t<div class=\"elementor-element elementor-element-99154d7 elementor-widget elementor-widget-text-editor\" data-id=\"99154d7\" data-element_type=\"widget\" data-widget_type=\"text-editor.default\">\n\t\t\t\t<div class=\"elementor-widget-container\">\n\t\t\t\t\t\t\t<p>El objetivo de ArtConsulting es ayudarle en la toma de decisiones para alcanzar mayores beneficios y repotenciar los recursos de su organizaci\u00f3n, queremos orientar y proponer opciones que satisfagan sus necesidades de liquidez y crecimiento.<\/p><h3>Planificaci\u00f3n y An\u00e1lisis Financiero<\/h3><p>La planificaci\u00f3n financiera es un proceso cont\u00ednuo que permite tomar decisiones sobre el uso del dinero para alcanzar las metas propuestas al inicio de la gesti\u00f3n de su negocio.<\/p>\t\t\t\t\t\t<\/div>\n\t\t\t\t<\/div>\n\t\t\t\t\t<\/div>\n\t\t<\/div>\n\t\t\t\t<div class=\"elementor-column elementor-col-50 elementor-top-column elementor-element elementor-element-4343b70\" data-id=\"4343b70\" data-element_type=\"column\">\n\t\t\t<div class=\"elementor-widget-wrap elementor-element-populated\">\n\t\t\t\t\t\t<div class=\"elementor-element elementor-element-244317f elementor-widget elementor-widget-image\" data-id=\"244317f\" data-element_type=\"widget\" data-widget_type=\"image.default\">\n\t\t\t\t<div class=\"elementor-widget-container\">\n\t\t\t\t\t\t\t\t\t\t\t\t\t<img fetchpriority=\"high\" decoding=\"async\" width=\"768\" height=\"522\" src=\"https:\/\/www.artconsulting.com.ec\/web\/wp-content\/uploads\/2023\/02\/ART-Consulting_047_1-768x522.jpg\" class=\"attachment-medium_large size-medium_large wp-image-1361\" alt=\"\" srcset=\"https:\/\/www.artconsulting.com.ec\/web\/wp-content\/uploads\/2023\/02\/ART-Consulting_047_1-768x522.jpg 768w, https:\/\/www.artconsulting.com.ec\/web\/wp-content\/uploads\/2023\/02\/ART-Consulting_047_1-300x204.jpg 300w, https:\/\/www.artconsulting.com.ec\/web\/wp-content\/uploads\/2023\/02\/ART-Consulting_047_1-1024x695.jpg 1024w, https:\/\/www.artconsulting.com.ec\/web\/wp-content\/uploads\/2023\/02\/ART-Consulting_047_1.jpg 1200w\" sizes=\"(max-width: 768px) 100vw, 768px\" \/>\t\t\t\t\t\t\t\t\t\t\t\t\t<\/div>\n\t\t\t\t<\/div>\n\t\t\t\t\t<\/div>\n\t\t<\/div>\n\t\t\t\t\t<\/div>\n\t\t<\/section>\n\t\t\t\t<section class=\"elementor-section elementor-top-section elementor-element elementor-element-c1d0c71 elementor-section-boxed elementor-section-height-default elementor-section-height-default\" data-id=\"c1d0c71\" data-element_type=\"section\">\n\t\t\t\t\t\t<div class=\"elementor-container elementor-column-gap-default\">\n\t\t\t\t\t<div class=\"elementor-column elementor-col-100 elementor-top-column elementor-element elementor-element-8051963\" data-id=\"8051963\" data-element_type=\"column\">\n\t\t\t<div class=\"elementor-widget-wrap elementor-element-populated\">\n\t\t\t\t\t\t<div class=\"elementor-element elementor-element-1a061fa elementor-widget elementor-widget-text-editor\" data-id=\"1a061fa\" data-element_type=\"widget\" data-widget_type=\"text-editor.default\">\n\t\t\t\t<div class=\"elementor-widget-container\">\n\t\t\t\t\t\t\t<p>El objetivo de ArtConsulting es ayudarle en la toma de decisiones para alcanzar mayores beneficios y repotenciar los recursos de su organizaci\u00f3n, queremos orientar y proponer opciones que satisfagan sus necesidades de liquidez y crecimiento.<\/p><h3>Planificaci\u00f3n y An\u00e1lisis Financiero<\/h3><p>La planificaci\u00f3n financiera es un proceso cont\u00ednuo que permite tomar decisiones sobre el uso del dinero para alcanzar las metas propuestas al inicio de la gesti\u00f3n de su negocio.<\/p><p>Es posible crear varios escenarios con diferentes realidades para tener una visi\u00f3n clara de la situaci\u00f3n y poder obtener el mayor beneficio.<\/p><p>Existen pasos que se aplican a un negocio, emprendimiento inclusive en el d\u00eda a d\u00eda al momento de planear las finanzas.<\/p><h3>Valoraci\u00f3n de Empresas<\/h3><p>Saber el valor de tu empresa involucra conocer a detalle el giro de tu negocio.<\/p><p>Muchas veces se confunde valor con precio pero es importante tomar en cuenta que el valor de tu negocio involucra aspectos tangibles como ventas, activos, inversiones, deudas pero tambi\u00e9n comprende intangibles como percepci\u00f3n de marca, trayectoria en el mercado y otros que se miden a trav\u00e9s de \u00edndices cualitativos.<\/p><p>Al valorar tu empresa el objetivo ser\u00e1 maximizar tu inversi\u00f3n y minimizar tus riesgos.<\/p><h3>Evaluaci\u00f3n Financiera de Proyectos e Inversiones<\/h3><p>Antes de tomar una decisi\u00f3n cualquiera que \u00e9sta sea: comprar, hacer una remodelaci\u00f3n, invertir, contratar; es necesario analizar la viabilidad de lo que se llamar\u00e1 el proyecto.<\/p><p>La evaluaci\u00f3n financiera de proyectos e inversiones utiliza m\u00e9todos que incluyen:<\/p><ul><li>C\u00e1lculo del valor presente neto<\/li><li>La tasa interna de retorno,<\/li><li>El per\u00edodo de recuperaci\u00f3n y<\/li><li>El \u00edndice de rentabilidad.<\/li><\/ul><h3>Evaluaci\u00f3n Financiera de Nuevos Negocios<\/h3><p>Para el inicio de un nuevo negocio o emprendimiento es vital evaluarlo financieramente pues de esto depender\u00e1n los resultados futuros.<\/p><p>Los objetivos de \u00e9ste an\u00e1lisis pretenden responder las siguientes preguntas:<\/p><ul><li>\u00bfCu\u00e1ndo se recuperar\u00e1 el dinero invertido?<\/li><li>\u00bfSe puedo iniciar con el emprendimiento?<\/li><li>\u00bfCu\u00e1l es la rentabilidad que generar\u00e1?<\/li><\/ul><h3>Estructura de Precios<\/h3><p>A la hora de determinar un precio para el producto o servicio que entregamos nos encontramos con interrogantes tales como:<\/p><ul><li>\u00bfC\u00f3mo s\u00e9 qu\u00e9 valor le doy a lo que estoy comercializando?<\/li><li>\u00bfEs justo dicho valor?<\/li><li>\u00bfEs rentable y la vez atractivo?<\/li><li>\u00bfEs competitivo?<\/li><\/ul><p>Existen modelos que permiten determinar el precio:<\/p><ul><li>Plus sobre los costos<ul><li>Poner a prueba un precio<\/li><li>Producto o servicio se vende al gobierno<\/li><\/ul><\/li><li>Valor percibido<ul><li>Imagen<\/li><li>Marca<\/li><li>Calidad producto \/ servicio al cliente<\/li><\/ul><\/li><li>Valor en uso<ul><li>Eficiencia, eficacia<\/li><li>Marketing<\/li><li>Fabricaci\u00f3n<\/li><\/ul><\/li><li>Estrategias Tradicionales de Precio<ul><li>Negociaci\u00f3n ganador \u2013 perdedor<\/li><li>Contratos corto\/largo plazo<\/li><li>Aumento de costos del proveedor<\/li><\/ul><\/li><\/ul>\t\t\t\t\t\t<\/div>\n\t\t\t\t<\/div>\n\t\t\t\t\t<\/div>\n\t\t<\/div>\n\t\t\t\t\t<\/div>\n\t\t<\/section>\n\t\t\t\t<\/div>\n\t\t","protected":false},"excerpt":{"rendered":"<p>Consultor\u00eda y asesor\u00eda financiera El objetivo de ArtConsulting es ayudarle en la toma de decisiones para alcanzar mayores beneficios y repotenciar los recursos de su organizaci\u00f3n, queremos orientar y proponer opciones que satisfagan sus necesidades de liquidez y crecimiento. Planificaci\u00f3n y An\u00e1lisis Financiero La planificaci\u00f3n financiera es un proceso cont\u00ednuo que permite tomar decisiones sobre [&hellip;]<\/p>\n","protected":false},"author":1,"featured_media":0,"parent":0,"menu_order":0,"comment_status":"closed","ping_status":"closed","template":"","meta":{"site-sidebar-layout":"no-sidebar","site-content-layout":"page-builder","ast-site-content-layout":"","site-content-style":"default","site-sidebar-style":"default","ast-global-header-display":"","ast-banner-title-visibility":"","ast-main-header-display":"","ast-hfb-above-header-display":"","ast-hfb-below-header-display":"","ast-hfb-mobile-header-display":"","site-post-title":"disabled","ast-breadcrumbs-content":"","ast-featured-img":"disabled","footer-sml-layout":"","theme-transparent-header-meta":"","adv-header-id-meta":"","stick-header-meta":"","header-above-stick-meta":"","header-main-stick-meta":"","header-below-stick-meta":"","astra-migrate-meta-layouts":"default","ast-page-background-enabled":"default","ast-page-background-meta":{"desktop":{"background-color":"","background-image":"","background-repeat":"repeat","background-position":"center center","background-size":"auto","background-attachment":"scroll","background-type":"","background-media":"","overlay-type":"","overlay-color":"","overlay-opacity":"","overlay-gradient":""},"tablet":{"background-color":"","background-image":"","background-repeat":"repeat","background-position":"center center","background-size":"auto","background-attachment":"scroll","background-type":"","background-media":"","overlay-type":"","overlay-color":"","overlay-opacity":"","overlay-gradient":""},"mobile":{"background-color":"","background-image":"","background-repeat":"repeat","background-position":"center center","background-size":"auto","background-attachment":"scroll","background-type":"","background-media":"","overlay-type":"","overlay-color":"","overlay-opacity":"","overlay-gradient":""}},"ast-content-background-meta":{"desktop":{"background-color":"var(--ast-global-color-5)","background-image":"","background-repeat":"repeat","background-position":"center center","background-size":"auto","background-attachment":"scroll","background-type":"","background-media":"","overlay-type":"","overlay-color":"","overlay-opacity":"","overlay-gradient":""},"tablet":{"background-color":"var(--ast-global-color-5)","background-image":"","background-repeat":"repeat","background-position":"center center","background-size":"auto","background-attachment":"scroll","background-type":"","background-media":"","overlay-type":"","overlay-color":"","overlay-opacity":"","overlay-gradient":""},"mobile":{"background-color":"var(--ast-global-color-5)","background-image":"","background-repeat":"repeat","background-position":"center center","background-size":"auto","background-attachment":"scroll","background-type":"","background-media":"","overlay-type":"","overlay-color":"","overlay-opacity":"","overlay-gradient":""}},"footnotes":""},"class_list":["post-1113","page","type-page","status-publish","hentry"],"_links":{"self":[{"href":"https:\/\/www.artconsulting.com.ec\/web\/index.php\/wp-json\/wp\/v2\/pages\/1113","targetHints":{"allow":["GET"]}}],"collection":[{"href":"https:\/\/www.artconsulting.com.ec\/web\/index.php\/wp-json\/wp\/v2\/pages"}],"about":[{"href":"https:\/\/www.artconsulting.com.ec\/web\/index.php\/wp-json\/wp\/v2\/types\/page"}],"author":[{"embeddable":true,"href":"https:\/\/www.artconsulting.com.ec\/web\/index.php\/wp-json\/wp\/v2\/users\/1"}],"replies":[{"embeddable":true,"href":"https:\/\/www.artconsulting.com.ec\/web\/index.php\/wp-json\/wp\/v2\/comments?post=1113"}],"version-history":[{"count":19,"href":"https:\/\/www.artconsulting.com.ec\/web\/index.php\/wp-json\/wp\/v2\/pages\/1113\/revisions"}],"predecessor-version":[{"id":1501,"href":"https:\/\/www.artconsulting.com.ec\/web\/index.php\/wp-json\/wp\/v2\/pages\/1113\/revisions\/1501"}],"wp:attachment":[{"href":"https:\/\/www.artconsulting.com.ec\/web\/index.php\/wp-json\/wp\/v2\/media?parent=1113"}],"curies":[{"name":"wp","href":"https:\/\/api.w.org\/{rel}","templated":true}]}}